1 a multiple of 784?
False
Is 1745988949 a multiple of 52?
False
Is 302886930 a multiple of 51?
False
Is 5024082 a multiple of 37?
True
Does 215 divide 2054700605?
True
Is 649222870 a multiple of 870?
False
Is 4257 a factor of 381135506?
False
Is 1621723628 a multiple of 40?
False
Is 5334272 a multiple of 4?
True
Is 35097900 a multiple of 75?
True
Does 9 divide 142514919?
True
Does 5663 divide 1041660504?
False
Does 6639 divide 134795517?
False
Is 28279627 a multiple of 3576?
False
Does 224 divide 164030434?
False
Is 542715112 a multiple of 74?
True
Is 5 a factor of 923613455?
True
Is 186710442 a multiple of 6?
True
Does 253 divide 11156098?
False
Is 596817127 a multiple of 48?
False
Is 477 a factor of 115317135?
True
Is 9412225 a multiple of 476?
False
Is 371 a factor of 35160573?
False
Does 175 divide 649138350?
True
Is 9 a factor of 11645631?
True
Does 5 divide 2088755292?
False
Does 29 divide 413784?
False
Is 37 a factor of 4073536?
False
Is 1316212685 a multiple of 428?
False
Does 15 divide 1013113010?
False
Is 47181186 a multiple of 6?
True
Is 235586094 a multiple of 1834?
False
Does 358 divide 70496644?
True
Is 145 a factor of 3372426240?
True
Does 162 divide 377542458?
True
Does 1164 divide 393405228?
True
Does 54 divide 1850418?
True
Is 238498224 a multiple of 1047?
True
Does 279 divide 79142535?
True
Does 209 divide 21771290?
False
Is 48606015 a multiple of 445?
True
Does 123 divide 58812696?
True
Is 1389 a factor of 401264043?
True
Is 82 a factor of 12711181?
False
Does 1700 divide 1359662513?
False
Is 69484688 a multiple of 91?
True
Is 42 a factor of 202636014?
True
Does 21 divide 1942268866?
False
Is 1372 a factor of 3257572316?
False
Is 1498106 a multiple of 62?
True
Does 29 divide 4009520?
False
Does 79 divide 69600580?
True
Does 8 divide 41100706?
False
Does 56 divide 695304348?
False
Does 8 divide 719811342?
False
Is 208689254 a multiple of 2056?
False
Does 85 divide 78402477?
False
Is 6458186 a multiple of 1164?
False
Does 396 divide 55691856?
True
Is 8604 a factor of 1268840484?
True
Is 328 a factor of 134609888?
True
Is 955801278 a multiple of 196?
False
Is 50578837 a multiple of 2053?
False
Is 381 a factor of 1064846338?
False
Does 10 divide 586845745?
False
Does 2278 divide 120845989?
False
Is 13 a factor of 55072329?
True
Is 202924974 a multiple of 713?
False
Is 15 a factor of 753069105?
True
Is 882594895 a multiple of 35?
True
Does 2188 divide 631616524?
True
Is 3133894225 a multiple of 539?
True
Is 672657557 a multiple of 6149?
True
Is 13 a factor of 1768121784?
True
Is 887 a factor of 16896463?
True
Is 9619320 a multiple of 40?
True
Is 24462684 a multiple of 15?
False
Does 110 divide 4938670?
True
Is 560389442 a multiple of 4993?
False
Is 32364108 a multiple of 135?
False
Does 52 divide 81011629?
False
Is 3536 a factor of 31880128?
False
Does 13 divide 5768126?
True
Is 10490259 a multiple of 97?
True
Is 1150252064 a multiple of 416?
True
Does 13 divide 340307755?
False
Does 2 divide 2366864?
True
Does 18 divide 136512576?
True
Is 21457292 a multiple of 13?
False
Is 13 a factor of 54512587?
False
Does 175 divide 1039033719?
False
Does 286 divide 691585623?
False
Is 6543930561 a multiple of 220?
False
Is 39872074 a multiple of 11?
True
Does 33 divide 432146140?
False
Does 2352 divide 2193479904?
True
Is 323 a factor of 10985338?
False
Is 14 a factor of 1378116362?
True
Is 334 a factor of 28848248?
True
Does 2459 divide 255526985?
True
Is 910456650 a multiple of 179?
True
Is 62649081 a multiple of 4?
False
Is 1432 a factor of 94261124?
False
Is 190 a factor of 304967480?
True
Is 91113631 a multiple of 54?
False
Does 142 divide 2274380204?
True
Does 98 divide 25940110?
True
Does 14 divide 20321896?
True
Is 1363192470 a multiple of 135?
True
Is 55083765 a multiple of 165?
True
Is 37391004 a multiple of 126?
True
Does 77 divide 36094058?
True
Is 4 a factor of 3505983?
False
Does 311 divide 1419949805?
True
Does 54 divide 135482220?
True
Is 15 a factor of 417103200?
True
Does 116 divide 96241921?
False
Is 13 a factor of 100043267?
False
Is 9786549 a multiple of 4?
False
Is 1732091328 a multiple of 22?
True
Is 768128000 a multiple of 3530?
True
Does 2 divide 57596262?
True
Does 143 divide 9603914?
False
Is 447937068 a multiple of 9?
False
Is 27339141 a multiple of 29?
True
Does 20 divide 19945357?
False
Is 98 a factor of 16579766?
False
Is 641232 a multiple of 466?
False
Does 15 divide 22783305?
True
Is 23029394 a multiple of 9?
False
Does 56 divide 73214397?
False
Is 4 a factor of 16923952?
True
Does 16 divide 27070826?
False
Is 713 a factor of 12933778?
False
Is 15 a factor of 2630261340?
True
Does 23 divide 8320056225?
True
Is 42683080 a multiple of 2864?
False
Does 194 divide 220361496?
True
Does 192 divide 1561024320?
True
Does 204 divide 661261113?
False
Does 2 divide 4166489?
False
Does 557 divide 157475597?
True
Is 1842 a factor of 549245718?
True
Does 26 divide 74891703?
False
Is 455343483 a multiple of 5903?
False
Is 5425501113 a multiple of 10?
False
Is 46064229 a multiple of 457?
True
Does 10 divide 531916?
False
Is 8129666 a multiple of 6?
False
Does 1343 divide 290033831?
False
Is 587628855 a multiple of 495?
True
Is 3619 a factor of 217685329?
False
Is 57921984 a multiple of 8?
True
Does 1094 divide 26652930?
False
Does 30 divide 129522240?
True
Is 106131730 a multiple of 2710?
True
Is 91454480 a multiple of 65?
True
Does 3807 divide 561702348?
False
Is 18640116 a multiple of 198?
True
Is 17201476 a multiple of 6?
False
Does 1819 divide 14266417?
True
Is 464 a factor of 8908800?
True
Is 38 a factor of 381746136?
False
Does 12 divide 2823579288?
True
Does 350 divide 78583097?
False
Does 83 divide 37002043?
False
Does 1268 divide 54772528?
True
Is 37323720 a multiple of 270?
True
Is 280 a factor of 2130202197?
False
Does 285 divide 24174270?
True
Is 9 a factor of 1855888572?
False
Is 1564080588 a multiple of 13?
False
Is 712 a factor of 123480825?
False
Is 9 a factor of 3842375823?
True
Is 1124 a factor of 685073504?
True
Is 385255856 a multiple of 746?
False
Does 394 divide 231088880?
True
Is 1396 a factor of 382700836?
True
Is 2139798537 a multiple of 9?
True
Does 6 divide 36554015?
False
Is 25 a factor of 905825?
True
Is 4192000 a multiple of 400?
True
Does 143 divide 10897382?
False
Is 13118875 a multiple of 953?
False
Is 1964162189 a multiple of 6351?
False
Is 224416140 a multiple of 390?
True
Is 67524366 a multiple of 437?
True
Is 896 a factor of 35235893?
False
Is 25 a factor of 9116950?
True
Is 6390609302 a multiple of 1463?
True
Is 5045761 a multiple of 36?
False
Does 211 divide 2814890598?
False
Does 54 divide 37874084?
False
Is 36171562 a multiple of 154?
False
Does 1287 divide 738732?
False
Is 4072260 a multiple of 30?
True
Does 127 divide 6948468?
False
Is 1193944891 a multiple of 1283?
False
Does 100 divide 584786600?
True
Is 119 a factor of 200901869?
True
Is 19 a factor of 12762718?
True
Is 420 a factor of 308302680?
True
Is 1315 a factor of 650706710?
True
Is 46 a factor of 165634883?
False
Is 1637 a factor of 109483229?
False
Does 590 divide 43183870?
True
Is 22 a factor of 92190303?
False
Does 13 divide 3634424085?
False
Is 2823 a factor of 135389247?
False
Does 32 divide 1012849632?
True
Does 206 divide 29650404?
True
Is 281 a factor of 26527740?
False
Is 2518657254 a multiple of 18?
True
Is 1229 a factor of 309797017?
False
Does 135 divide 150475663?
False
Does 20 divide 76468940?
True
Does 2378 divide 34880224?
False
Does 877 divide 248212925?
True
Is 1644 a factor of 233214552?
True
Is 148 a factor of 1357677?
False
Is 202838940 a multiple of 60?
True
Is 202 a factor of 347589396?
False
Does 37 divide 24193165?
False
Does 602 divide 8484029?
False
Is 15 a factor of 230995897?
False
Is 361 a factor of 17076744?
True
Does 83 divide 123152163?
True
Is 145893886 a multiple of 872?
False
Does 178 divide 99825160?
False
Does 733 divide 1080192238?
False
Is 2201161518 a multiple of 108?
False
Is 97060211 a multiple of 2?
False
Does 5 divide 21809846?
False
Does 6 divide 3355332?
True
Is 616856840 a multiple of 26?
False
Is 28238679 a multiple of 9?
True
Is 25 a factor of 996881125?
True
Is 3231555 a multiple of 97?
True
Does 953 divide 184309805?
False
Does 993 divide 254447203?
False
Does 49